*k = -3*t + 4. Let p be y(t). What is the greatest common divisor of p and 140?
28
Let o be (-6)/(-3)*(-1)/(4/(-26)). Calculate the highest common factor of 13 and o.
13
Suppose -4*m - n + 0*n + 63 = 0, -83 = -4*m + 3*n. Suppose -4*p + 26 + 42 = 0. What is the highest common factor of m and p?
17
Suppose 0 = 4*c - 18 + 2. Calculate the greatest common divisor of c and 8.
4
Let q(l) = 10*l - 6. Let d be q(1). What is the highest common factor of 8 and d?
4
Let o(b) = b**2 + 10*b. Let w be o(-10). Suppose w = -4*p + p + 33. Let x = 76 - 21. What is the greatest common divisor of x and p?
11
Let d(q) = -q**3 + 4*q**2 - 2*q - 1. Let o be d(3). Let j = 8 - 5. Suppose -3*p + j = 0, 2*s = -o*p + 11 + 11. What is the greatest common factor of 30 and s?
10
Let p(x) = -4*x - 6. Let a be p(-4). Let z = 12 - 10. Suppose z = -2*v, -4*v - 6 - 28 = -3*y. What is the greatest common divisor of y and a?
10
Let q be (5 - 4)*(3 - 1). What is the greatest common factor of q and 56?
2
Let d(j) = -j**3 + 10*j**2 - 7*j + 12. Let o be d(9). Calculate the highest common divisor of o and 40.
10
Suppose 0*b - 500 = -b. Suppose -6*a = -a - b. What is the highest common divisor of a and 40?
20
Let m(z) = z**3 - 5*z**2 + 13. Let g be m(5). Suppose -o - f + 3*f = -89, -5*o + 2*f + 453 = 0. What is the highest common factor of o and g?
13
Let a = 20 + -21. Let l = a - -6. What is the greatest common factor of 40 and l?
5
Let n(d) be the first derivative of d**3/3 + 7*d**2/2 + 2*d - 7. Let i be n(-10). Calculate the highest common factor of i and 4.
4
Let f be -4 - (3 + -5) - -4. Let t be 0 + f/((-2)/(-3)). Suppose t*k + 4*d - 3 = 0, -1 = -2*k + d - 4*d. What is the highest common factor of k and 25?
5
Let g be -33*1*(-78)/9. Calculate the highest common factor of 26 and g.
26
Let n be 0 + 1 + -7 - -2. Let t = 0 - n. Let d = t - 2. Calculate the highest common divisor of 18 and d.
2
Suppose 0 = 4*y - k - 1 - 31, 4*k = -2*y - 2. Let l = -2 + y. Suppose 3*r + 5*m = 417 - 59, -5*r = l*m - 600. Calculate the greatest common factor of r and 11.
11
Suppose -54 = -2*p + 3*v, -6*p + v + 62 = -4*p. What is the greatest common divisor of 297 and p?
33
Suppose -2*u + 4*q = -0*u - 228, u + 5*q = 79. Calculate the highest common factor of u and 26.
26
Let x = -57 + 15. Let h = -22 - x. Calculate the greatest common factor of h and 20.
20
Let a(k) = -k - 1. Let s be a(-5). Suppose -s*y + 2*j + 33 = -j, -5*y - j = -27. What is the greatest common divisor of 18 and y?
6
Suppose 5*g + 84 = 134. Let l be 1/1 + 1 - -88. What is the highest common divisor of g and l?
10
Let u(p) = -p**3 + 11*p**2 + 14*p - 11. Let i be u(12). What is the greatest common divisor of i and 1?
1
Let g = 22 - 16. Let w = 4 - 4. Suppose 0 = 3*x + 3 - w, -5*h - 5*x + 70 = 0. Calculate the greatest common divisor of h and g.
3
Let g = 10 + -3. Let x = 11 - g. Let z be (-5)/2*-2*x. Calculate the highest common divisor of 10 and z.
10
Let w be (-3)/(-4) - 51/(-12). Suppose a + 4*a - 22 = -s, a - w*s + 6 = 0. Calculate the highest common divisor of a and 1.
1
Suppose 4*g + g - 295 = -3*u, 4*u - 400 = -5*g. Let s be 60/2*(0 - -1). Suppose -s = -0*j - 2*j. What is the highest common divisor of u and j?
15
Let k = -4 - -11. Let d(b) = 4*b - 5. Let s be d(3). What is the greatest common divisor of k and s?
7
Let o(x) = x**3 + 6*x**2 + 4*x - 3. Let y be o(-3). What is the highest common divisor of y and 60?
12
Let p be (-150)/(-14) - (-4)/14. Let g be -49 + 53 + (-5)/((-10)/36). Calculate the greatest common divisor of p and g.
11
Suppose -4*a + 650 = -9*a. Let s = a - -262. What is the highest common factor of s and 12?
12
Let f be 2/(-11) + (-42)/11. Let o be 6/f*680/(-60). Calculate the highest common factor of 17 and o.
17
Let n = 137 + -2. What is the greatest common divisor of 15 and n?
15
Let f(q) = 49*q + 3. Let x(n) = 49*n + 2. Let y(z) = -5*f(z) + 6*x(z). Let u be (0 + (-2)/6)*-9. Let b be y(u). What is the highest common factor of b and 16?
16
Let t = 10 - 8. Let j = -18 + 34. What is the greatest common factor of j and t?
2
Let j be (114/30 + -3)/((-1)/(-25)). Suppose 2*n + 146 = 7*n - u, 4*n + u = 124. What is the highest common factor of n and j?
10
Let a(o) = -o**2 + 4*o + 25. Let k be a(0). Calculate the greatest common factor of 5 and k.
5
Suppose 3*f + 5 = -4. Let b be 1*0*f/(-9). Let m(n) = n**3 + n + 6. Let q be m(b). Calculate the highest common factor of q and 18.
6
Suppose 5*i + 125 + 30 = 0. Let r = i - -44. Suppose 312 = -0*c + 3*c. Calculate the greatest common divisor of r and c.
13
Let j(f) = 18*f - 9*f**2 + 0*f**3 - 3*f**3 - 6*f + 4*f**3 - 3. Let v be j(8). What is the highest common divisor of v and 203?
29
Let p(o) = -o**2 + 4*o - 1. Let h be p(2). Suppose -z - 53 = -h*c, -3*z - 98 = -5*c - 3. Calculate the greatest common factor of c and 48.
16
Let l(w) = w**2 + w + 47. Let x be l(0). Suppose x + 72 = h. Calculate the greatest common factor of h and 17.
17
Let c = -4 + 45. Suppose c = 5*x + 1. What is the greatest common divisor of 72 and x?
8
Let q(w) = -w**3 - w**2. Let p(l) = -4*l**3 + l**2 + 5*l + 2. Let g(n) = p(n) - 5*q(n). Let u be g(-4). Calculate the greatest common factor of 7 and u.
7
Suppose -4 + 49 = 5*j. Let a(b) = b**3 + 2*b**2 + 6. Let u be a(-7). Let y = -140 - u. Calculate the highest common factor of y and j.
9
Suppose -4*j + j + 147 = 0. Calculate the highest common factor of 7 and j.
7
Let l = 218 - 130. What is the highest common factor of l and 11?
11
Let d(m) = -m**2 - 9*m + 1. Let c be d(-7). Let w(g) = -88*g. Let z be w(-1). Let p be (z/5)/(3/c). What is the greatest common divisor of 8 and p?
8
Suppose 0*a - 5 = a, 0 = -c - a + 1. What is the highest common divisor of c and 4?
2
Let i(h) = 4*h**2 - 3*h + 1. Let m be i(2). What is the highest common factor of m and 11?
11
Let y be -16*((-85)/(-34) - 1*3). Calculate the highest common divisor of 6 and y.
2
Suppose 2*z = -2, -5*w + 38 = z + 9. Suppose 2*m - w = 3*l - 84, -m = 4*l - 93. What is the greatest common factor of l and 3?
3
Let c = 16 - 12. Suppose -b = -4*d - 9 - 15, -c*b + d = -156. Calculate the greatest common factor of b and 5.
5
Let p be -3 + (4 - (-5 - -2)). Suppose 0 = p*x - 9 - 3. What is the greatest common factor of x and 33?
3
Suppose -3*l + 161 = 2*d, 3*l + d - 145 = 3*d. Calculate the greatest common divisor of 17 and l.
17
Suppose 24*w - 22*w = 12. What is the greatest common divisor of 54 and w?
6
Let w = -106 - -126. Calculate the greatest common factor of w and 4.
4
Suppose 4*i - 272 = -4*a, -2*i + 2*a + 0*a + 136 = 0. Calculate the highest common divisor of 17 and i.
17
Let a = 2 + 1. Suppose 12 + 59 = 2*r + v, -a*r + 109 = -v. Calculate the greatest common factor of r and 24.
12
Let w(o) = -o**2 - 10*o - 10. Suppose 0 = 2*v - 0*v + 2, v - 9 = -2*y. Suppose 20 = y*g + 60. Let c be w(g). What is the greatest common factor of 30 and c?
6
Let j be (1/2)/((-1)/(-18)). Suppose -5*u + 11 = 56. Let h = u + 18. What is the highest common divisor of j and h?
9
Suppose -d + 5 = -0*d. Suppose 2*k = a - 18, 4*a + d*k = k + 12. What is the highest common factor of 8 and a?
8
Let r be -1 - (0 - 2 - -1). Let a = r + 3. Suppose -3*b - p + 32 = 0, -5*p + 7 + 9 = a*b. Calculate the greatest common factor of 12 and b.
12
Let i be 1*(-4 - (-3 + -11)). What is the highest common factor of i and 110?
10
Let a(n) be the first derivative of -n**4/4 - n**3/3 + n**2 + 5. Let w be a(-4). What is the highest common divisor of w and 5?
5
Suppose 2*d = 2*v, 7*v - 2*v - 4 = 3*d. Suppose 0*a - 42 = -v*a. Calculate the greatest common factor of 14 and a.
7
Let z(r) = r**3 + 5*r**2 - 7*r - 3. Let t be z(-6). Suppose -t*b + 11 = 2*h, -11 + 1 = -2*b. Let l = 12 + h. What is the greatest common divisor of 30 and l?
10
Let i(m) = -m**3 + 2*m**2 + m - 4. Let y be i(-2). What is the greatest common divisor of y and 70?
10
Let h(w) = w + 9. Let i be h(0). Calculate the highest common factor of i and 72.
9
Suppose -p + 3*p = 2. What is the highest common factor of 3 and p?
1
Let d(a) = 42*a**2 + 4*a - 5. Let o be d(1). Calculate the greatest common divisor of o and 82.
41
Suppose 4*o = 35 + 13. Calculate the highest common factor of o and 8.
4
Let o be (-2)/(-7) - 124/(-7). Let b = -2 + 11. Suppose -21 = -5*z + b. What is the great